 is the remainder when 6 - (1 + 2 + -3) is divided by i?
0
Let v = -319 - -462. Let q be (0*(-2)/(-6))/2. Suppose -y = -2*o - 40, -4*o + 64 = 2*y - q*o. What is the remainder when v is divided by y?
35
Suppose 9*r + 101640 = 31*r. Suppose -r = -6*w - 6*w. Calculate the remainder when w is divided by 23.
17
Calculate the remainder when -5*((-1 - -1) + -15) is divided by (-28)/(11368/(-7743)) - (0 + 2/28).
18
Let a = -22 + 22. Let y be (a/(-1))/(3*(-4)/12). Suppose 4*x - 63 = 4*h + 65, -4*x + h + 125 = y. What is the remainder when x is divided by 8?
7
Let d = -302 - -311. Let l = 127 + -62. What is the remainder when l is divided by (-2 - (-119)/21)*d?
32
Let x(z) = -2*z - 8. Let c be x(-2). Let k = c - -6. Suppose -7*i = k*i - 603. Calculate the remainder when i is divided by 7.
4
Let y be -2*(-3 - (4 + -5)). Suppose -24 = -6*o + y*o. What is the remainder when 42 is divided by o?
6
What is the remainder when 1387 is divided by 15/(-2)*(-1972)/170?
82
Let y = 14677 - 14635. What is the remainder when 877 is divided by y?
37
What is the remainder when (-25)/(-15) + (-8327)/(-33) is divided by 28?
2
Suppose -53*l + 148*l = 24890. Calculate the remainder when l is divided by 51.
7
Let g be (-5)/50*52 + 1/5. What is the remainder when (-742)/g + 5*(-6)/(-50) is divided by 30?
29
Suppose 116769*r - 116786*r = -2669. Calculate the remainder when 287 is divided by r.
130
Suppose -35 = 5*r, 126*m - 2*r = 125*m + 149. What is the remainder when 629 is divided by m?
89
Let t(j) = -84*j + 1701. Suppose -5*l = -z - 254, 3*z - 58 - 200 = -5*l. What is the remainder when t(18) is divided by l?
36
Let d be 30/4 - 13/(-26). Suppose d = 19*h - 17*h. Suppose i + 108 = h*r, -6*i = -3*i. Calculate the remainder when r is divided by 16.
11
Let j(r) = 8*r - 140. Let o be j(29). Let u = -77 + o. What is the remainder when 28 is divided by u?
13
Let u(a) = -2*a + 25. Let p be (22 - 3) + 2 - (-2)/2. Let t be u(p). Let k = t + 36. Calculate the remainder when 44 is divided by k.
10
Suppose 7*w + 49 = 14*w. Calculate the remainder when (63/(-6))/(3/(-4)) is divided by ((24/14)/(-1))/((-2)/w).
2
Let i = -11429 + 11498. Calculate the remainder when 11658 is divided by i.
66
Let p(s) = 23*s**3 + s - 1. Suppose 6*z - 39 - 345 = 0. Suppose 0 = 9*y - 25*y + z. Calculate the remainder when p(1) is divided by y.
3
Suppose 33*b - 35*b + 22 = 0. Calculate the remainder when (-109)/(-2)*(-12 + 122)/b is divided by 39.
38
Let b be 2 + 1*(2 - 3). Let z(i) = 27*i + 1. Let n(l) = 169*l**2 - 24*l + 22. What is the remainder when n(1) is divided by z(b)?
27
Suppose 2 - 12 = -2*c - 2*r, 7 = -c + 3*r. Suppose -92*u + 20 = -91*u. Calculate the remainder when (1 - u)/(-1 + 0) is divided by c.
1
Let a be -9*((-20)/15 + 2). Calculate the remainder when 183*(-6 + (-14)/a - -4) is divided by 32.
29
Let l(u) = -126*u - 596. What is the remainder when 201 is divided by l(-5)?
31
Let u(g) = 5*g + 16. Let i be u(-4). Let y(j) = j**2 - 7. Let z(k) = k**3 + 16*k**2 + 39*k + 29. What is the remainder when z(-13) is divided by y(i)?
2
Let k be -1 - ((-2)/(-2) - 1). Let u be -3*(-3 + k) + -3. Suppose h - u = 32. What is the remainder when h is divided by 15?
11
Suppose d - 203 = -6*d. Let w = d + -13. Let a(j) = -17*j + 11. Calculate the remainder when a(-4) is divided by w.
15
Let q(b) = -3*b**2 - b - 1. Let r(o) = -2*o**2 - o. Let h(t) = -3*q(t) + 2*r(t). What is the remainder when 44 is divided by h(2)?
19
What is the remainder when 1016 is divided by ((-625)/(-375) - 17/9) + (-357)/(-27)?
2
Suppose -19*r = -17*r - 10. Suppose 3*y + 5*a + 387 = 0, 0 = -r*a + 3 + 12. Let f = 141 + y. Calculate the remainder when 12 is divided by f.
5
Let v = -237 + 133. Let i = -58 - v. Calculate the remainder when i is divided by 24.
22
Suppose 24 + 12 = 2*x. Calculate the remainder when 34 is divided by (x/6 - 4) + 13.
10
Let o = -77 + 84. Suppose 5*n - 7*n + 38 = 0. What is the remainder when n is divided by o?
5
Calculate the remainder when 1648 is divided by (18 - (-4186)/351) + (-2)/(-27).
28
Suppose -2*t + 24 = -t. Suppose 0 = 2*c + 4*p - 78, 4*c = -p - 0*p + 163. What is the remainder when c is divided by 62/6 + 16/t?
8
Suppose -t + 1 = -1, 0 = -d - t - 30. Let a(v) = v**3 - 2*v + 2. Let m be a(2). What is the remainder when 13 is divided by (-2)/m - d/6?
3
Let o(t) = 72*t**2 - 27*t + 28. Let w be o(1). Calculate the remainder when 361 is divided by w/5 - (-45)/(-75).
11
Let l(b) = 8*b**2 + 1. Suppose -52*o = -33*o - 114. Calculate the remainder when l(-2) is divided by o.
3
Let g(n) be the first derivative of 25*n**2/2 - 66*n - 18. Calculate the remainder when g(6) is divided by 29.
26
Let j(r) = 14*r + 194. What is the remainder when 333 is divided by j(-11)?
13
Suppose -3*v - 51 = 2*r, 2*r - 2*v + 57 = -3*v. Calculate the remainder when 324/7 - 6/21 is divided by (10/r)/(2/(-72)).
10
Let n(h) = 9*h**2 - 6*h + 14. Let z(j) = -4*j**2 + 27*j - 16. Let x be z(6). Calculate the remainder when 46 is divided by n(x).
8
Suppose -4*o - o = 2*g - 2333, o - 445 = 5*g. What is the remainder when o is divided by -39*((-4)/26 - (-33)/(-39))?
36
Let m = -143 - -265. Let u = -108 + m. Calculate the remainder when 41 is divided by 4/u - (752/(-14))/8.
6
Suppose 0 = -2*t - 3 - 5, 810 = 5*n - 5*t. Suppose a - 3*l + 48 = 0, -4*a - 4*l - l - n = 0. Let m = 64 + a. Calculate the remainder when 84 is divided by m.
18
Suppose -162*y + 154*y + 8 = 0. Calculate the remainder when (-7 + -1)/y*(-11 + 1) is divided by 18.
8
Let a(p) = 3*p**2 - 5*p - 1. Let m = 1575 - 1455. Calculate the remainder when m is divided by a(-3).
38
Suppose -2 + 6 = 2*n. Suppose 0 = 5*l, b + 176 = 5*b + n*l. What is the remainder when (-574)/(-8) - 33/b is divided by 12?
11
Let v = -198 - -238. Suppose 0 = 9*o + o - v. Calculate the remainder when 11 is divided by o.
3
Let h = 11 - 6. Calculate the remainder when 18/(-12) + 5/(-10)*-23 is divided by h.
0
Suppose -2*v - 2*p + 46 = 36, -2*v = -3*p - 45. Calculate the remainder when 427 is divided by v.
7
Let h(k) = 14*k**2 - k - 1. Let l be h(-1). Let a = -445 + 454. Calculate the remainder when a is divided by 38/l - 18/(-63).
0
Let k = 8788 + -7692. Calculate the remainder when k is divided by 65.
56
Suppose -j - 39 = -5*j + 5*d, 0 = j - d - 10. Calculate the remainder when 5 + 13 + (-6)/2 is divided by (-7)/(-1) + 33/j.
5
What is the remainder when 259 is divided by 403/39 + 0 + 2/3?
6
Let a(k) = -2*k + 42. Let d be 28*(-8)/(-80)*5. Calculate the remainder when 52 is divided by a(d).
10
Let c = 149 - 152. What is the remainder when 32/(-4)*(c - 5) is divided by 14?
8
Let w(f) = f**3 + f**2 + 9. Let o = 186 - 171. Suppose -5*j - 9 - o = -n, -2*n + 5*j + 68 = 0. Calculate the remainder when n is divided by w(0).
8
Let z be 4/(-3) - 65/39. What is the remainder when 64 is divided by (1/z)/((-19)/1311)?
18
Suppose -11*u + 19*u = 48. Suppose -3*f + 3*v - 7*v = -38, -2*f + 31 = -3*v. Calculate the remainder when f is divided by u.
2
Let p be 0 - (2*238 + 4). Let x be ((-14)/21)/((-4)/p). What is the remainder when ((-32)/x)/((-2)/(-90)) is divided by 7?
4
Let i(r) = -26*r - 201. Let u be -2 + (-4)/((-12)/15) + -11. What is the remainder when 410 is divided by i(u)?
4
Suppose -11*c + 1 = -10. Let d = 12 - -46. Calculate the remainder when d is divided by (78/(-18))/(c/(-3)).
6
Let d = -3 + 21. What is the remainder when d is divided by 2/6 - 40/(-180)*48?
7
Suppose 74 = 4*t - 2*a, 88 = t + 4*t - 4*a. Suppose 2*q - 197 = -3*p, 3*p = -q + 25 + 81. What is the remainder when q is divided by t?
11
Suppose -2909 = -25*b + 191. Let s = b - 117. What is the remainder when 34 is divided by s?
6
Let r(s) = -s - s + 66 + 0*s + 77 - 3*s. Calculate the remainder when r(26) is divided by 19/3 - (-2)/3.
6
Let h be (-1)/2 - 3*2312/(-48). Suppose -4*w + w + 437 = 2*t, w = t + h. Let x = -44 + w. What is the remainder when x is divided by 35?
31
Suppose 2*k - 8 - 17 = x, 0 = 4*x + 20. Calculate the remainder when 3 + -1 + (-110)/(-11) + 5 is divided by k.
7
Let a be 1*5*(-1 + (-24)/(-20)). Calculate the remainder when 38 is divided by (3 - a)*6/36*6.
0
Suppose 0 = u - 3, -u + 52 = 2*z - 9. Let s(y) = -138*y + 73*y - 77 + 81*y. Calculate the remainder when s(10) is divided by z.
25
Let w(m) = -151*m**2 - 303*m + 22. Suppose -2